 3*s. Is (147/12)/(p/(-4)) a multiple of 7?
True
Suppose -a + 24 = 2*a + 4*n, 0 = -a - 5*n + 19. Suppose 3*d - a*d = -56. Suppose -2*w + 6*w = d. Does 6 divide w?
False
Let c = -30 + 137. Let l = c + 169. Does 46 divide l?
True
Is 6*1/2 + 79 a multiple of 3?
False
Let p = -2377 + 3577. Does 40 divide p?
True
Let r = -84 - -524. Suppose r = 4*x + x. Is 9 a factor of x?
False
Let l(i) = -196*i - 1624. Is 7 a factor of l(-14)?
True
Let k be (-4)/2 + (-15)/(-1). Suppose -147 = -2*q + k. Let r = q - 38. Is r a multiple of 21?
True
Let w(a) = -a + 5. Let b be w(5). Is 15 a factor of b + (-4 + 0 - -79)?
True
Does 13 divide 8/16*(0 - -908)?
False
Let x(l) = -34*l - 7. Let w be x(-5). Suppose 5 = 2*f - c, 6*c = 3*f + 3*c. Suppose 5*p + f*y - w = 132, 0 = 5*p + 2*y - 304. Does 25 divide p?
False
Let w = -166 + 204. Does 12 divide w?
False
Let y(f) = 18*f - 6. Suppose -15 = -r + 5*o, 6*r - 5*o - 30 = 2*r. Let d(g) = -g**2 + 6*g - 2. Let w be d(r). Is y(w) a multiple of 15?
False
Is -16 + (3 - -2) + 1749 a multiple of 22?
True
Let h(w) = -107*w - 7. Does 25 divide h(-1)?
True
Let p = 17 + 19. Let h be 0/(0/(-2) - 2). Suppose h*j = -j + p. Is 9 a factor of j?
True
Suppose 2*g - 1 = 9. Suppose 3*x - 4*v + 4 = 0, x + 2*x + 2 = g*v. Is 11 - (36/x)/3 a multiple of 9?
False
Suppose 2266 = 10*j - 434. Is 10 a factor of j?
True
Let f(v) = v**2 + 9*v + 7. Let a be f(-9). Suppose 0 = -6*u + a*u + 81. Let w = u - -172. Does 19 divide w?
False
Suppose 0 = k - 95 + 13. Let z = k + -49. Suppose -6*w + 33 = -z. Is 2 a factor of w?
False
Let a be (4/4)/(2/4). Is 28 a factor of 17/(a - (-10)/(-6))?
False
Let h(g) = -g**2 + 13*g + 6. Let m be h(13). Suppose -t = -m*t + 150. Suppose -r - t = -3*y + r, -5*r = 0. Does 5 divide y?
True
Let q = -49 - -38. Does 15 divide 1/q*-1157 - 50/275?
True
Let i(d) = -9*d**2 + d + 7. Let l(x) = 1. Let p(n) = 8*n**2 - 4. Let r(m) = -2*l(m) + p(m). Let k(w) = 6*i(w) + 7*r(w). Is 9 a factor of k(-6)?
True
Let l = -1135 - -1689. Is 25 a factor of l?
False
Let m(t) = -49*t - 14. Let p be m(-5). Suppose 0 = -3*w - 4*u + p, w + 2*w + 3*u - 231 = 0. Is w a multiple of 11?
True
Let z(y) = -16*y - 6. Let b(j) = 1. Let a(t) = -12*b(t) + z(t). Is 11 a factor of a(-8)?
True
Let t(y) = 6*y**3 - 11*y**2 + 5*y - 6. Does 6 divide t(4)?
True
Is 21/(-2)*30/27*-33 a multiple of 9?
False
Let b(t) = -2*t**3 - 10*t + 14*t**2 - 2*t**2 + t**3 + 0*t**3 + 9. Is 10 a factor of b(11)?
True
Let t(p) = -p**2 - 7*p - 3. Let a(h) = -h - 1. Let j(x) = -2*a(x) - t(x). Let m be j(-10). Suppose w - 29 = m. Is w a multiple of 10?
False
Suppose 12*h - 7*h = 20. Suppose -2*b = -b + 3*s - 40, b - 54 = h*s. Suppose -77 = -5*w + 3*i, -2*i = 2*w - 5*w + b. Is w a multiple of 16?
True
Suppose 14*w = 22*w - 160. Is 5 a factor of w?
True
Let s = -66 + 23. Let b = -8 - s. Let y = b + -19. Is 6 a factor of y?
False
Let d(b) = -b**3 - 15*b**2 + 17*b + 12. Let l be d(-16). Let y be l/(-18) - (-1160)/45. Let u = y - 19. Does 2 divide u?
False
Suppose -9 = 5*k - 24. Suppose -k*b + 47 = -7. Is 51*(-3)/(b/(-14)) a multiple of 30?
False
Let z(y) = -y**3 - 5*y**2 + 4*y - 7. Let w be z(-6). Suppose 6*f = 2*g + 5*f - 305, -w*g + 5*f = -755. Is g a multiple of 7?
True
Suppose -156*f = -154*f - 1066. Is f a multiple of 52?
False
Suppose 6416 - 1454 = 6*x. Does 104 divide x?
False
Suppose -33 - 1 = -2*y. Let d = y + -10. Suppose r = 7 + d. Is 4 a factor of r?
False
Suppose 9 = 2*x + 1. Suppose 5*b = w - 6*w + 10, x*w = -5*b + 10. Is 14 a factor of 4/(-3)*(-21)/b?
True
Let l(n) = -n - 8*n + 4*n**2 - 3*n**2. Suppose 8 + 12 = 2*u. Does 8 divide l(u)?
False
Let j = -6555 + 9542. Does 22 divide j?
False
Suppose 6*q = 8*q. Suppose -2*r + q*r = -24. Let m(b) = -b**2 + 17*b - 18. Is 7 a factor of m(r)?
True
Let w = -2776 - -4680. Does 28 divide w?
True
Let x(u) = 3*u**2 - 3*u + 3. Let m = 13 + -13. Suppose 2*i - 5*g = 4*i - 12, -5*i + 2*g + 30 = m. Does 31 divide x(i)?
True
Is 2 + 1 - (9394/(-7) - 0) a multiple of 64?
False
Suppose 0 = 70*k - 75*k + 20. Suppose k*f = 0, -2*i = 3*i + 5*f - 1005. Is 16 a factor of i?
False
Suppose 10 = 5*y, 533 = 6*v - v + 4*y. Suppose 3*h + 4*h = v. Suppose n = -3, 3*n = -5*o - 2*n + h. Is o a multiple of 3?
True
Let f(q) = -q**2 + 6*q + 11. Suppose -4*o + 4*v = -8, 2*v + 40 = 5*o + 3*v. Is 4 a factor of f(o)?
True
Let l(q) = 789 - 46*q - 789. Let g be l(-1). Suppose b = 12 + g. Does 11 divide b?
False
Let o = 380 + -334. Is 2 a factor of o?
True
Let t = 86 - 84. Suppose 3*n = t*j + 3*j + 65, -2*j = 4*n - 104. Is n a multiple of 5?
True
Suppose -3*o = -0*o. Let g(y) = y**2 + y + 33. Is 11 a factor of g(o)?
True
Suppose -3*c = -5*t + 3, 2*t + t = -4*c + 25. Suppose 4*q = -q - c*o + 23, -5*q + 13 = -o. Suppose -r = q*r - 20. Is 3 a factor of r?
False
Suppose -l - 9 = 1. Suppose -4*w + 68 = -4*h, -h - w + 0 = 17. Let s = l - h. Is 7 a factor of s?
True
Suppose -4*b = f + 2, -f - 1 = 1. Suppose b = -8*r + 5*r + 21. Does 6 divide r?
False
Is ((-339)/4)/((-12)/32) a multiple of 29?
False
Let k = 265 - 221. Let l be 4 + -1*1/1. Suppose -l*w - k = -5*w. Is 5 a factor of w?
False
Suppose -5*d = -d. Suppose -l = -2*i + 55, 0*i + 3*l = -3*i + 69. Let g = i + d. Does 7 divide g?
False
Suppose 5*j + 3*l - 305 = 0, -3*j = -l + 3*l - 182. Let t = j + -5. Is 8 a factor of t?
False
Let k be 8 + 3/(-9)*-3. Let b be (-27)/k + (-14)/2. Let z = 55 + b. Is z a multiple of 15?
True
Let b(c) = c**3 - 10*c**2 + 8*c + 11. Let k(t) = t + 3. Let j be k(6). Let a be b(j). Does 6 divide a - 8/(-6)*3?
True
Suppose 76*d - 6 = 79*d. Is 3 a factor of d + (-16)/(-6) + (-74)/(-6)?
False
Let l(y) = -28*y**2 - 3*y + 11. Let c be l(3). Let t = c - -460. Is 14 a factor of t?
True
Suppose o - 2*o = -2*g + 541, 5*o + 1345 = 5*g. Does 17 divide g?
True
Does 19 divide ((-8)/(-3) + -4)*855/(-6)?
True
Let x be (-1)/(6/(-228)*4/10). Let y = -94 + 38. Let r = x + y. Is r a multiple of 13?
True
Let w(j) be the third derivative of j**5/20 + j**4/8 + j**2. Let u be w(-2). Suppose 3*f - 27 = -u. Is 2 a factor of f?
False
Suppose 0 = -g + 5*g - 72. Is 33 a factor of 2*(g - (84/(-8))/(-7))?
True
Suppose 1307 + 373 = 7*k. Is 24 a factor of k?
True
Let g(j) = 7*j**2 + 16 - 5*j - 11*j**2 + 3*j**2. Let t be g(-7). Suppose 4*d - d = -2*a + 69, t*a = -5*d + 67. Is a a multiple of 12?
True
Let k be 1716/(1 + 3) + (-6)/(-2). Suppose -r = 7*r - k. Is 24 a factor of r?
False
Suppose 0 = -2*m + 10, 5*p + 11*m - 3195 = 7*m. Is p a multiple of 57?
False
Suppose 0*s = 5*v - 4*s + 94, -4*v = -5*s + 77. Suppose 0 = 5*m - 3*g - 534, -5*m + 5*g = -0*g - 530. Let w = m + v. Does 19 divide w?
False
Let p(m) = -2*m**3 + 15*m**2 + 7*m + 10. Let r be p(8). Suppose -u = r*u - 123. Is u a multiple of 8?
False
Suppose 0 = 5*l - 1354 - 286. Suppose -5*k + 7 = u - 50, 0 = 4*u - 5*k - l. Is u a multiple of 28?
False
Let b = 47 + -26. Suppose -9 = -24*f + b*f. Does 3 divide f?
True
Suppose 0 = -2*x + 1 + 451. Let s = x + -156. Is 10 a factor of s?
True
Let m(c) = c**3 - c**2 + 2*c - 1. Let z be m(7). Suppose -6*a = -221 - z. Is 11 a factor of a?
True
Let l(x) = 7*x - 32*x**2 + 10*x**2 + 9*x**2 + 10*x**2 + 13 + 5*x**2. Suppose m + 2 + 4 = 0. Is l(m) a multiple of 27?
False
Let v be 132 + 2 + 2 + -1. Suppose 6*g = g + v. Suppose -2*m - n = -2*n - g, 4*m - 5*n - 69 = 0. Is 5 a factor of m?
False
Let w be (-2)/(-3) - 129/(-9). Suppose -a - 2*a = w. Let i(t) = 3*t**2 + 2*t - 8. Does 19 divide i(a)?
True
Suppose 40*w - 20*w = 1920. Does 32 divide w?
True
Let g be 20/(-4)*(2 - 3). Suppose -4*q - 57 = -4*c - q, 115 = g*c + 5*q. Is c a multiple of 3?
True
Let p = -10 - -11. Let g be (-10)/60 + p/6. Suppose -18 = -g*m - 2*m. Is 3 a factor of m?
True
Let c(g) = -g**3 + 5*g**2 + 6. Let s be c(5). Let u(k) = k**3 - 5*k**2 - 6*k + 2. Let v be u(s). Suppose -10 = v*m - 52. Does 21 divide m?
True
Let k = -41 - -147. Suppose 5*c - 459 - k = 0. Let m = c - 32. Is m a multiple of 22?
False
Let n(k) = -k - 3. Let l(i) = 2*i - 15. Let w be l(5). Is n(w) even?
True
Suppose -58*v + 57*v = -67. Does 3 divide v?
False
Is 41153/49 + 7/49 + 8 a multiple of 16?
True
Suppose -24*k - 56 = -28*k. Suppose 0 = 4*g - p - 30, 3*g + g - 3*p - 34 = 0. Let t = k - g. Does 5 divide t?
False
Suppose 0 = -11*u + 7*u. Suppose 3*p - 2*z - z - 246 = u, -241 = -3*p - 2*z. Does 18 divide p?
False
L